{"id":3464,"date":"2017-01-10T11:48:14","date_gmt":"2017-01-10T10:48:14","guid":{"rendered":"http:\/\/www.fritzjuenemann.de\/wordpress\/?page_id=3464"},"modified":"2019-08-27T12:39:32","modified_gmt":"2019-08-27T10:39:32","slug":"karriere","status":"publish","type":"page","link":"https:\/\/www.fritzjuenemann.de\/wordpress\/karriere\/","title":{"rendered":"Karriere"},"content":{"rendered":"<p>[et_pb_section admin_label=&#8220;Sektion&#8220; fullwidth=&#8220;off&#8220; specialty=&#8220;on&#8220; transparent_background=&#8220;off&#8220; background_color=&#8220;#ffffff&#8220; allow_player_pause=&#8220;off&#8220; inner_shadow=&#8220;off&#8220; parallax=&#8220;off&#8220; parallax_method=&#8220;off&#8220; padding_mobile=&#8220;off&#8220; make_fullwidth=&#8220;on&#8220; use_custom_width=&#8220;off&#8220; width_unit=&#8220;on&#8220; make_equal=&#8220;off&#8220; use_custom_gutter=&#8220;off&#8220; parallax_1=&#8220;off&#8220; parallax_method_1=&#8220;off&#8220; parallax_2=&#8220;off&#8220; parallax_method_2=&#8220;off&#8220;][et_pb_column type=&#8220;1_4&#8243;][et_pb_sidebar admin_label=&#8220;Seitenleiste&#8220; orientation=&#8220;left&#8220; area=&#8220;sidebar-1&#8243; background_layout=&#8220;light&#8220; remove_border=&#8220;on&#8220; body_text_color=&#8220;#2c333d&#8220;]<br \/>\n[\/et_pb_sidebar][\/et_pb_column][et_pb_column type=&#8220;3_4&#8243; specialty_columns=&#8220;3&#8243;][et_pb_row_inner admin_label=&#8220;Zeile&#8220;][et_pb_column_inner type=&#8220;1_2&#8243; saved_specialty_column_type=&#8220;3_4&#8243;][et_pb_text admin_label=&#8220;Text&#8220; background_layout=&#8220;light&#8220; text_orientation=&#8220;left&#8220; use_border_color=&#8220;off&#8220; border_color=&#8220;#ffffff&#8220; border_style=&#8220;solid&#8220;]<\/p>\n<p>L\u00f6sungen rund ums Dach \u2013 daf\u00fcr steht das Unternehmen J\u00fcnemann seit Ende des 19. Jahrhunderts in Bielefeld und Umgebung. Die Firma wird inzwischen in der f\u00fcnften Generation gef\u00fchrt. Wir schauen mit Tradition in die Zukunft und nehmen unsere Verantwortung f\u00fcr den Nachwuchs ernst: Wir bilden Lehrlinge aus, geben jungen Leuten eine Perspektive und bieten ihnen einen anspruchsvollen Beruf.<\/p>\n<p>20 gut ausgebildete Mitarbeiter sind t\u00e4glich auf den D\u00e4chern f\u00fcr unsere Kunden unterwegs. Fachliche Kompetenz, ein motiviertes Team und individuelle L\u00f6sungen sind unsere Garanten f\u00fcr Qualit\u00e4t.<\/p>\n<p>[\/et_pb_text][\/et_pb_column_inner][et_pb_column_inner type=&#8220;1_2&#8243; saved_specialty_column_type=&#8220;3_4&#8243;][et_pb_text admin_label=&#8220;Text&#8220; background_layout=&#8220;light&#8220; text_orientation=&#8220;left&#8220; use_border_color=&#8220;off&#8220; border_color=&#8220;#ffffff&#8220; border_style=&#8220;solid&#8220;]<br \/>\n[\/et_pb_text][\/et_pb_column_inner][\/et_pb_row_inner][\/et_pb_column][\/et_pb_section][et_pb_section admin_label=&#8220;Sektion&#8220; fullwidth=&#8220;off&#8220; specialty=&#8220;on&#8220; transparent_background=&#8220;off&#8220; background_color=&#8220;rgba(44,51,66,0.92)&#8220; allow_player_pause=&#8220;off&#8220; inner_shadow=&#8220;off&#8220; parallax=&#8220;off&#8220; parallax_method=&#8220;off&#8220; padding_mobile=&#8220;off&#8220; make_fullwidth=&#8220;on&#8220; use_custom_width=&#8220;off&#8220; width_unit=&#8220;on&#8220; make_equal=&#8220;off&#8220; use_custom_gutter=&#8220;off&#8220; parallax_1=&#8220;off&#8220; parallax_method_1=&#8220;off&#8220; parallax_2=&#8220;off&#8220; parallax_method_2=&#8220;off&#8220;][et_pb_column type=&#8220;1_4&#8243;][et_pb_divider admin_label=&#8220;Teiler&#8220; color=&#8220;#ffffff&#8220; show_divider=&#8220;off&#8220; divider_style=&#8220;solid&#8220; divider_position=&#8220;top&#8220; hide_on_mobile=&#8220;on&#8220;]<br \/>\n[\/et_pb_divider][\/et_pb_column][et_pb_column type=&#8220;3_4&#8243; specialty_columns=&#8220;3&#8243;][et_pb_row_inner admin_label=&#8220;Zeile&#8220;][et_pb_column_inner type=&#8220;1_2&#8243; saved_specialty_column_type=&#8220;3_4&#8243;][et_pb_image admin_label=&#8220;Bild&#8220; src=&#8220;https:\/\/www.fritzjuenemann.de\/wordpress\/wp-content\/uploads\/2017\/02\/Braas_2092_gr-n.jpg&#8220; show_in_lightbox=&#8220;off&#8220; url_new_window=&#8220;off&#8220; use_overlay=&#8220;off&#8220; animation=&#8220;left&#8220; sticky=&#8220;off&#8220; align=&#8220;left&#8220; force_fullwidth=&#8220;off&#8220; always_center_on_mobile=&#8220;off&#8220; use_border_color=&#8220;off&#8220; border_color=&#8220;#ffffff&#8220; border_style=&#8220;solid&#8220; max_width=&#8220;300px&#8220; disabled=&#8220;off&#8220; disabled_on=&#8220;on|off|&#8220;]<br \/>\n[\/et_pb_image][\/et_pb_column_inner][et_pb_column_inner type=&#8220;1_2&#8243; saved_specialty_column_type=&#8220;3_4&#8243;][et_pb_text admin_label=&#8220;Text&#8220; background_layout=&#8220;dark&#8220; text_orientation=&#8220;left&#8220; use_border_color=&#8220;off&#8220; border_color=&#8220;#ffffff&#8220; border_style=&#8220;solid&#8220; custom_padding_last_edited=&#8220;on|tablet&#8220; custom_margin_last_edited=&#8220;on|desktop&#8220; max_width_last_edited=&#8220;on|desktop&#8220; max_width=&#8220;350px&#8220; custom_padding_tablet=&#8220;-10px|||&#8220;]<\/p>\n<h4>Lust auf frische Luft und dazu noch schwindelfrei?<\/h4>\n<p>Jugendliche mit technischem Interesse, handwerklichem Geschick und K\u00f6pfchen<br \/>\nbilden wir aus zum Dachdecker.<\/p>\n<p>Damit bieten wir Ihnen\/Euch in jedem Fall eine lohnende berufliche Perspektive<br \/>\nund interessante Weiterbildungsm\u00f6glichkeiten, z.B. als Techniker, Meister oder mit<br \/>\nangeschlossenem Studium als Bauingenieur.<\/p>\n<p><strong>Ausbildungsbeginn ist j\u00e4hrlich am 1. August.<\/strong><\/p>\n<p>F\u00fcr weitere Informationen wenden Sie sich\/wende dich\u00a0bitte an Herrn Frank J\u00fcnemann.<br \/>\nGerne nehmen wir auch eine Email als Bewerbung entgegen.<\/p>\n<p><span style=\"color: #ffffff;\">T +49 5206 3001\/2<\/span><br \/>\n<a href=\"mailto:post@fritzjuenemann.de\"><span style=\"color: #ffffff;\">post@fritzjuenemann.de<\/span><\/a><\/p>\n<p>[\/et_pb_text][\/et_pb_column_inner][\/et_pb_row_inner][\/et_pb_column][\/et_pb_section]<\/p>\n","protected":false},"excerpt":{"rendered":"<p>[et_pb_section admin_label=&#8220;Sektion&#8220; fullwidth=&#8220;off&#8220; specialty=&#8220;on&#8220; transparent_background=&#8220;off&#8220; background_color=&#8220;#ffffff&#8220; allow_player_pause=&#8220;off&#8220; inner_shadow=&#8220;off&#8220; parallax=&#8220;off&#8220; parallax_method=&#8220;off&#8220; padding_mobile=&#8220;off&#8220; make_fullwidth=&#8220;on&#8220; use_custom_width=&#8220;off&#8220; width_unit=&#8220;on&#8220; make_equal=&#8220;off&#8220; use_custom_gutter=&#8220;off&#8220; parallax_1=&#8220;off&#8220; parallax_method_1=&#8220;off&#8220; parallax_2=&#8220;off&#8220; parallax_method_2=&#8220;off&#8220;][et_pb_column type=&#8220;1_4&#8243;][et_pb_sidebar admin_label=&#8220;Seitenleiste&#8220; orientation=&#8220;left&#8220; area=&#8220;sidebar-1&#8243; background_layout=&#8220;light&#8220; remove_border=&#8220;on&#8220; body_text_color=&#8220;#2c333d&#8220;] [\/et_pb_sidebar][\/et_pb_column][et_pb_column type=&#8220;3_4&#8243; specialty_columns=&#8220;3&#8243;][et_pb_row_inner admin_label=&#8220;Zeile&#8220;][et_pb_column_inner type=&#8220;1_2&#8243; saved_specialty_column_type=&#8220;3_4&#8243;][et_pb_text admin_label=&#8220;Text&#8220; background_layout=&#8220;light&#8220; text_orientation=&#8220;left&#8220; use_border_color=&#8220;off&#8220; border_color=&#8220;#ffffff&#8220; border_style=&#8220;solid&#8220;] L\u00f6sungen rund ums Dach \u2013 daf\u00fcr steht das Unternehmen J\u00fcnemann seit Ende des 19. Jahrhunderts in [&hellip;]<\/p>\n","protected":false},"author":2,"featured_media":0,"parent":0,"menu_order":0,"comment_status":"closed","ping_status":"open","template":"","meta":{"footnotes":""},"class_list":["post-3464","page","type-page","status-publish","hentry"],"_links":{"self":[{"href":"https:\/\/www.fritzjuenemann.de\/wordpress\/wp-json\/wp\/v2\/pages\/3464","targetHints":{"allow":["GET"]}}],"collection":[{"href":"https:\/\/www.fritzjuenemann.de\/wordpress\/wp-json\/wp\/v2\/pages"}],"about":[{"href":"https:\/\/www.fritzjuenemann.de\/wordpress\/wp-json\/wp\/v2\/types\/page"}],"author":[{"embeddable":true,"href":"https:\/\/www.fritzjuenemann.de\/wordpress\/wp-json\/wp\/v2\/users\/2"}],"replies":[{"embeddable":true,"href":"https:\/\/www.fritzjuenemann.de\/wordpress\/wp-json\/wp\/v2\/comments?post=3464"}],"version-history":[{"count":84,"href":"https:\/\/www.fritzjuenemann.de\/wordpress\/wp-json\/wp\/v2\/pages\/3464\/revisions"}],"predecessor-version":[{"id":4457,"href":"https:\/\/www.fritzjuenemann.de\/wordpress\/wp-json\/wp\/v2\/pages\/3464\/revisions\/4457"}],"wp:attachment":[{"href":"https:\/\/www.fritzjuenemann.de\/wordpress\/wp-json\/wp\/v2\/media?parent=3464"}],"curies":[{"name":"wp","href":"https:\/\/api.w.org\/{rel}","templated":true}]}}